{"id":5116,"date":"2022-04-22T16:21:56","date_gmt":"2022-04-22T16:21:56","guid":{"rendered":"https:\/\/vde-suite.com\/colombia\/?page_id=5116"},"modified":"2022-04-22T16:34:49","modified_gmt":"2022-04-22T16:34:49","slug":"contpaqi-wopen-store","status":"publish","type":"page","link":"https:\/\/vde-suite.com\/colombia\/contpaqi\/contpaqi-wopen-store\/","title":{"rendered":"CONTPAQi\u00ae Wopen Store"},"content":{"rendered":"\t\t<div data-elementor-type=\"wp-page\" data-elementor-id=\"5116\" class=\"elementor elementor-5116\" data-elementor-post-type=\"page\">\n\t\t\t\t\t\t<section class=\"elementor-section elementor-top-section elementor-element elementor-element-16d89765 elementor-section-stretched elementor-section-full_width elementor-section-height-default elementor-section-height-default\" data-id=\"16d89765\" data-element_type=\"section\" data-settings=\"{&quot;background_background&quot;:&quot;gradient&quot;,&quot;stretch_section&quot;:&quot;section-stretched&quot;}\">\n\t\t\t\t\t\t<div class=\"elementor-container elementor-column-gap-default\">\n\t\t\t\t\t<div class=\"elementor-column elementor-col-100 elementor-top-column elementor-element elementor-element-339f0bf\" data-id=\"339f0bf\" data-element_type=\"column\">\n\t\t\t<div class=\"elementor-widget-wrap elementor-element-populated\">\n\t\t\t\t\t\t<section class=\"elementor-section elementor-inner-section elementor-element elementor-element-2d52c129 elementor-section-full_width elementor-section-height-default elementor-section-height-default\" data-id=\"2d52c129\" data-element_type=\"section\">\n\t\t\t\t\t\t<div class=\"elementor-container elementor-column-gap-default\">\n\t\t\t\t\t<div class=\"elementor-column elementor-col-50 elementor-inner-column elementor-element elementor-element-602e7373\" data-id=\"602e7373\" data-element_type=\"column\">\n\t\t\t<div class=\"elementor-widget-wrap elementor-element-populated\">\n\t\t\t\t\t\t<div class=\"elementor-element elementor-element-47dc94ef elementor-widget elementor-widget-image\" data-id=\"47dc94ef\" data-element_type=\"widget\" data-widget_type=\"image.default\">\n\t\t\t\t<div class=\"elementor-widget-container\">\n\t\t\t\t\t\t\t\t\t\t\t\t\t\t\t<img fetchpriority=\"high\" decoding=\"async\" width=\"532\" height=\"171\" src=\"https:\/\/vde-suite.com\/colombia\/wp-content\/uploads\/sites\/4\/2022\/04\/wopen2.png\" class=\"attachment-full size-full wp-image-5118\" alt=\"\" srcset=\"https:\/\/vde-suite.com\/colombia\/wp-content\/uploads\/sites\/4\/2022\/04\/wopen2.png 532w, https:\/\/vde-suite.com\/colombia\/wp-content\/uploads\/sites\/4\/2022\/04\/wopen2-300x96.png 300w\" sizes=\"(max-width: 532px) 100vw, 532px\" \/>\t\t\t\t\t\t\t\t\t\t\t\t\t\t\t<\/div>\n\t\t\t\t<\/div>\n\t\t\t\t<div class=\"elementor-element elementor-element-5e6fef15 elementor-widget elementor-widget-heading\" data-id=\"5e6fef15\" data-element_type=\"widget\" data-widget_type=\"heading.default\">\n\t\t\t\t<div class=\"elementor-widget-container\">\n\t\t\t\t\t<h2 class=\"elementor-heading-title elementor-size-default\">Desde $4,490.00 Anual<\/h2>\t\t\t\t<\/div>\n\t\t\t\t<\/div>\n\t\t\t\t<div class=\"elementor-element elementor-element-3ba4782 elementor-widget elementor-widget-heading\" data-id=\"3ba4782\" data-element_type=\"widget\" data-widget_type=\"heading.default\">\n\t\t\t\t<div class=\"elementor-widget-container\">\n\t\t\t\t\t<h2 class=\"elementor-heading-title elementor-size-default\">CONTPAQi\u00ae WOPEN STORE<\/h2>\t\t\t\t<\/div>\n\t\t\t\t<\/div>\n\t\t\t\t<div class=\"elementor-element elementor-element-3e1fac05 elementor-widget-divider--view-line elementor-widget elementor-widget-divider\" data-id=\"3e1fac05\" data-element_type=\"widget\" data-widget_type=\"divider.default\">\n\t\t\t\t<div class=\"elementor-widget-container\">\n\t\t\t\t\t\t\t<div class=\"elementor-divider\">\n\t\t\t<span class=\"elementor-divider-separator\">\n\t\t\t\t\t\t<\/span>\n\t\t<\/div>\n\t\t\t\t\t\t<\/div>\n\t\t\t\t<\/div>\n\t\t\t\t<div class=\"elementor-element elementor-element-752c9efb elementor-widget elementor-widget-text-editor\" data-id=\"752c9efb\" data-element_type=\"widget\" data-widget_type=\"text-editor.default\">\n\t\t\t\t<div class=\"elementor-widget-container\">\n\t\t\t\t\t\t\t\t\t<p>Aumenta las ventas de tu negocio al m\u00e1ximo a trav\u00e9s de esta plataforma intuitiva conectada a CONTPAQi\u00ae, la cual permite a tu empresa establecerse en el \u00e1mbito del comercio digital mediante la creaci\u00f3n de un carrito de compras personalizable donde tu cliente tendr\u00e1 la opci\u00f3n de agregar todos los productos que busque \u00a1al instante!<\/p>\t\t\t\t\t\t\t\t<\/div>\n\t\t\t\t<\/div>\n\t\t\t\t\t<\/div>\n\t\t<\/div>\n\t\t\t\t<div class=\"elementor-column elementor-col-50 elementor-inner-column elementor-element elementor-element-1c7493cc\" data-id=\"1c7493cc\" data-element_type=\"column\" data-settings=\"{&quot;background_background&quot;:&quot;classic&quot;}\">\n\t\t\t<div class=\"elementor-widget-wrap elementor-element-populated\">\n\t\t\t\t\t\t<div class=\"elementor-element elementor-element-ca5b96 elementor-widget elementor-widget-heading\" data-id=\"ca5b96\" data-element_type=\"widget\" data-widget_type=\"heading.default\">\n\t\t\t\t<div class=\"elementor-widget-container\">\n\t\t\t\t\t<h2 class=\"elementor-heading-title elementor-size-default\">DEMO 100% GRATIS<\/h2>\t\t\t\t<\/div>\n\t\t\t\t<\/div>\n\t\t\t\t<div class=\"elementor-element elementor-element-2b8cd599 elementor-button-align-center elementor-widget elementor-widget-form\" data-id=\"2b8cd599\" data-element_type=\"widget\" data-settings=\"{&quot;step_next_label&quot;:&quot;Next&quot;,&quot;step_previous_label&quot;:&quot;Previous&quot;,&quot;step_type&quot;:&quot;number_text&quot;,&quot;step_icon_shape&quot;:&quot;circle&quot;}\" data-widget_type=\"form.default\">\n\t\t\t\t<div class=\"elementor-widget-container\">\n\t\t\t\t\t\t\t<form class=\"elementor-form\" method=\"post\" name=\"New Form\">\n\t\t\t<input type=\"hidden\" name=\"post_id\" value=\"5116\"\/>\n\t\t\t<input type=\"hidden\" name=\"form_id\" value=\"2b8cd599\"\/>\n\t\t\t<input type=\"hidden\" name=\"referer_title\" value=\"\" \/>\n\n\t\t\t\n\t\t\t<div class=\"elementor-form-fields-wrapper elementor-labels-\">\n\t\t\t\t\t\t\t\t<div class=\"elementor-field-type-text elementor-field-group elementor-column elementor-field-group-name elementor-col-50 elementor-field-required\">\n\t\t\t\t\t\t\t\t\t\t\t\t<label for=\"form-field-name\" class=\"elementor-field-label elementor-screen-only\">\n\t\t\t\t\t\t\t\tNombre\t\t\t\t\t\t\t<\/label>\n\t\t\t\t\t\t\t\t\t\t\t\t\t\t<input size=\"1\" type=\"text\" name=\"form_fields[name]\" id=\"form-field-name\" class=\"elementor-field elementor-size-sm  elementor-field-textual\" placeholder=\"Nombre\" required=\"required\" aria-required=\"true\">\n\t\t\t\t\t\t\t\t\t\t\t<\/div>\n\t\t\t\t\t\t\t\t<div class=\"elementor-field-type-email elementor-field-group elementor-column elementor-field-group-email elementor-col-50 elementor-field-required\">\n\t\t\t\t\t\t\t\t\t\t\t\t<label for=\"form-field-email\" class=\"elementor-field-label elementor-screen-only\">\n\t\t\t\t\t\t\t\tEmail\t\t\t\t\t\t\t<\/label>\n\t\t\t\t\t\t\t\t\t\t\t\t\t\t<input size=\"1\" type=\"email\" name=\"form_fields[email]\" id=\"form-field-email\" class=\"elementor-field elementor-size-sm  elementor-field-textual\" placeholder=\"Email\" required=\"required\" aria-required=\"true\">\n\t\t\t\t\t\t\t\t\t\t\t<\/div>\n\t\t\t\t\t\t\t\t<div class=\"elementor-field-type-tel elementor-field-group elementor-column elementor-field-group-message elementor-col-50 elementor-field-required\">\n\t\t\t\t\t\t\t\t\t\t\t\t<label for=\"form-field-message\" class=\"elementor-field-label elementor-screen-only\">\n\t\t\t\t\t\t\t\tTel\u00e9fono\t\t\t\t\t\t\t<\/label>\n\t\t\t\t\t\t\t\t<input size=\"1\" type=\"tel\" name=\"form_fields[message]\" id=\"form-field-message\" class=\"elementor-field elementor-size-sm  elementor-field-textual\" placeholder=\"Tel\u00e9fono\" required=\"required\" aria-required=\"true\" pattern=\"[0-9()#&amp;+*-=.]+\" title=\"Only numbers and phone characters (#, -, *, etc) are accepted.\">\n\n\t\t\t\t\t\t<\/div>\n\t\t\t\t\t\t\t\t<div class=\"elementor-field-type-text elementor-field-group elementor-column elementor-field-group-field_5914c9a elementor-col-50 elementor-field-required\">\n\t\t\t\t\t\t\t\t\t\t\t\t<label for=\"form-field-field_5914c9a\" class=\"elementor-field-label elementor-screen-only\">\n\t\t\t\t\t\t\t\tEmpresa\t\t\t\t\t\t\t<\/label>\n\t\t\t\t\t\t\t\t\t\t\t\t\t\t<input size=\"1\" type=\"text\" name=\"form_fields[field_5914c9a]\" id=\"form-field-field_5914c9a\" class=\"elementor-field elementor-size-sm  elementor-field-textual\" placeholder=\"Empresa\" required=\"required\" aria-required=\"true\">\n\t\t\t\t\t\t\t\t\t\t\t<\/div>\n\t\t\t\t\t\t\t\t<div class=\"elementor-field-type-text elementor-field-group elementor-column elementor-field-group-field_3c1ed75 elementor-col-50\">\n\t\t\t\t\t\t\t\t\t\t\t\t<label for=\"form-field-field_3c1ed75\" class=\"elementor-field-label elementor-screen-only\">\n\t\t\t\t\t\t\t\tWebSite\t\t\t\t\t\t\t<\/label>\n\t\t\t\t\t\t\t\t\t\t\t\t\t\t<input size=\"1\" type=\"text\" name=\"form_fields[field_3c1ed75]\" id=\"form-field-field_3c1ed75\" class=\"elementor-field elementor-size-sm  elementor-field-textual\" placeholder=\"WebSite\">\n\t\t\t\t\t\t\t\t\t\t\t<\/div>\n\t\t\t\t\t\t\t\t<div class=\"elementor-field-type-text elementor-field-group elementor-column elementor-field-group-field_ec8efa2 elementor-col-50\">\n\t\t\t\t\t\t\t\t\t\t\t\t<label for=\"form-field-field_ec8efa2\" class=\"elementor-field-label elementor-screen-only\">\n\t\t\t\t\t\t\t\tGiro empresarial\t\t\t\t\t\t\t<\/label>\n\t\t\t\t\t\t\t\t\t\t\t\t\t\t<input size=\"1\" type=\"text\" name=\"form_fields[field_ec8efa2]\" id=\"form-field-field_ec8efa2\" class=\"elementor-field elementor-size-sm  elementor-field-textual\" placeholder=\"Giro empresarial\">\n\t\t\t\t\t\t\t\t\t\t\t<\/div>\n\t\t\t\t\t\t\t\t<div class=\"elementor-field-type-textarea elementor-field-group elementor-column elementor-field-group-field_46db10c elementor-col-100 elementor-field-required\">\n\t\t\t\t\t\t\t\t\t\t\t\t<label for=\"form-field-field_46db10c\" class=\"elementor-field-label elementor-screen-only\">\n\t\t\t\t\t\t\t\tMensaje\t\t\t\t\t\t\t<\/label>\n\t\t\t\t\t\t<textarea class=\"elementor-field-textual elementor-field  elementor-size-sm\" name=\"form_fields[field_46db10c]\" id=\"form-field-field_46db10c\" rows=\"4\" placeholder=\"Describe brevemente tus necesidades\" required=\"required\" aria-required=\"true\"><\/textarea>\t\t\t\t<\/div>\n\t\t\t\t\t\t\t\t<div class=\"elementor-field-type-recaptcha elementor-field-group elementor-column elementor-field-group-field_41bea0c elementor-col-100\">\n\t\t\t\t\t<div class=\"elementor-field\" id=\"form-field-field_41bea0c\"><div class=\"elementor-g-recaptcha\" data-sitekey=\"6LcxHoAbAAAAAGjflZfCyfLEGwRCKd9BwLNBZmHC\" data-type=\"v2_checkbox\" data-theme=\"light\" data-size=\"normal\"><\/div><\/div>\t\t\t\t<\/div>\n\t\t\t\t\t\t\t\t<div class=\"elementor-field-group elementor-column elementor-field-type-submit elementor-col-100 e-form__buttons\">\n\t\t\t\t\t<button class=\"elementor-button elementor-size-sm\" type=\"submit\">\n\t\t\t\t\t\t<span class=\"elementor-button-content-wrapper\">\n\t\t\t\t\t\t\t\t\t\t\t\t\t\t\t\t\t\t\t\t\t\t<span class=\"elementor-button-text\">SOLICITAR DEMO GRATIS<\/span>\n\t\t\t\t\t\t\t\t\t\t\t\t\t<\/span>\n\t\t\t\t\t<\/button>\n\t\t\t\t<\/div>\n\t\t\t<\/div>\n\t\t<\/form>\n\t\t\t\t\t\t<\/div>\n\t\t\t\t<\/div>\n\t\t\t\t\t<\/div>\n\t\t<\/div>\n\t\t\t\t\t<\/div>\n\t\t<\/section>\n\t\t\t\t\t<\/div>\n\t\t<\/div>\n\t\t\t\t\t<\/div>\n\t\t<\/section>\n\t\t\t\t<section class=\"elementor-section elementor-top-section elementor-element elementor-element-eb2a042 elementor-section-boxed elementor-section-height-default elementor-section-height-default\" data-id=\"eb2a042\" data-element_type=\"section\" data-settings=\"{&quot;background_background&quot;:&quot;classic&quot;}\">\n\t\t\t\t\t\t<div class=\"elementor-container elementor-column-gap-default\">\n\t\t\t\t\t<div class=\"elementor-column elementor-col-100 elementor-top-column elementor-element elementor-element-9e78c6a\" data-id=\"9e78c6a\" data-element_type=\"column\">\n\t\t\t<div class=\"elementor-widget-wrap elementor-element-populated\">\n\t\t\t\t\t\t<div class=\"elementor-element elementor-element-928711c elementor-widget elementor-widget-spacer\" data-id=\"928711c\" data-element_type=\"widget\" data-widget_type=\"spacer.default\">\n\t\t\t\t<div class=\"elementor-widget-container\">\n\t\t\t\t\t\t\t<div class=\"elementor-spacer\">\n\t\t\t<div class=\"elementor-spacer-inner\"><\/div>\n\t\t<\/div>\n\t\t\t\t\t\t<\/div>\n\t\t\t\t<\/div>\n\t\t\t\t<div class=\"elementor-element elementor-element-a81b034 elementor-widget elementor-widget-heading\" data-id=\"a81b034\" data-element_type=\"widget\" data-widget_type=\"heading.default\">\n\t\t\t\t<div class=\"elementor-widget-container\">\n\t\t\t\t\t<h2 class=\"elementor-heading-title elementor-size-default\">\u00bfPOR QU\u00c9 USAR CONTPAQi\u00ae WOPEN STORE?<\/h2>\t\t\t\t<\/div>\n\t\t\t\t<\/div>\n\t\t\t\t<div class=\"elementor-element elementor-element-69ed6ca elementor-widget elementor-widget-spacer\" data-id=\"69ed6ca\" data-element_type=\"widget\" data-widget_type=\"spacer.default\">\n\t\t\t\t<div class=\"elementor-widget-container\">\n\t\t\t\t\t\t\t<div class=\"elementor-spacer\">\n\t\t\t<div class=\"elementor-spacer-inner\"><\/div>\n\t\t<\/div>\n\t\t\t\t\t\t<\/div>\n\t\t\t\t<\/div>\n\t\t\t\t\t<\/div>\n\t\t<\/div>\n\t\t\t\t\t<\/div>\n\t\t<\/section>\n\t\t\t\t<section class=\"elementor-section elementor-top-section elementor-element elementor-element-f8a5523 elementor-section-boxed elementor-section-height-default elementor-section-height-default\" data-id=\"f8a5523\" data-element_type=\"section\" data-settings=\"{&quot;background_background&quot;:&quot;classic&quot;}\">\n\t\t\t\t\t\t<div class=\"elementor-container elementor-column-gap-wider\">\n\t\t\t\t\t<div class=\"elementor-column elementor-col-16 elementor-top-column elementor-element elementor-element-dc9c4ae\" data-id=\"dc9c4ae\" data-element_type=\"column\">\n\t\t\t<div class=\"elementor-widget-wrap\">\n\t\t\t\t\t\t\t<\/div>\n\t\t<\/div>\n\t\t\t\t<div class=\"elementor-column elementor-col-66 elementor-top-column elementor-element elementor-element-2b81ef3\" data-id=\"2b81ef3\" data-element_type=\"column\">\n\t\t\t<div class=\"elementor-widget-wrap elementor-element-populated\">\n\t\t\t\t\t\t<div class=\"elementor-element elementor-element-d8efee9 elementor-widget elementor-widget-video\" data-id=\"d8efee9\" data-element_type=\"widget\" data-settings=\"{&quot;youtube_url&quot;:&quot;https:\\\/\\\/www.youtube.com\\\/watch?v=Wq6_oeaxOsU&quot;,&quot;video_type&quot;:&quot;youtube&quot;,&quot;controls&quot;:&quot;yes&quot;}\" data-widget_type=\"video.default\">\n\t\t\t\t<div class=\"elementor-widget-container\">\n\t\t\t\t\t\t\t<div class=\"elementor-wrapper elementor-open-inline\">\n\t\t\t<div class=\"elementor-video\"><\/div>\t\t<\/div>\n\t\t\t\t\t\t<\/div>\n\t\t\t\t<\/div>\n\t\t\t\t\t<\/div>\n\t\t<\/div>\n\t\t\t\t<div class=\"elementor-column elementor-col-16 elementor-top-column elementor-element elementor-element-15f8622\" data-id=\"15f8622\" data-element_type=\"column\">\n\t\t\t<div class=\"elementor-widget-wrap\">\n\t\t\t\t\t\t\t<\/div>\n\t\t<\/div>\n\t\t\t\t\t<\/div>\n\t\t<\/section>\n\t\t\t\t<section class=\"elementor-section elementor-top-section elementor-element elementor-element-c876729 elementor-section-boxed elementor-section-height-default elementor-section-height-default\" data-id=\"c876729\" data-element_type=\"section\">\n\t\t\t\t\t\t<div class=\"elementor-container elementor-column-gap-default\">\n\t\t\t\t\t<div class=\"elementor-column elementor-col-100 elementor-top-column elementor-element elementor-element-8b0544f\" data-id=\"8b0544f\" data-element_type=\"column\">\n\t\t\t<div class=\"elementor-widget-wrap elementor-element-populated\">\n\t\t\t\t\t\t<div class=\"elementor-element elementor-element-f92e3b9 elementor-widget elementor-widget-heading\" data-id=\"f92e3b9\" data-element_type=\"widget\" data-widget_type=\"heading.default\">\n\t\t\t\t<div class=\"elementor-widget-container\">\n\t\t\t\t\t<h2 class=\"elementor-heading-title elementor-size-default\">Planes CONTPAQi WOPEN STORE<\/h2>\t\t\t\t<\/div>\n\t\t\t\t<\/div>\n\t\t\t\t<div class=\"elementor-element elementor-element-8b92ea2 elementor-widget elementor-widget-html\" data-id=\"8b92ea2\" data-element_type=\"widget\" data-widget_type=\"html.default\">\n\t\t\t\t<div class=\"elementor-widget-container\">\n\t\t\t\t\t<table style=\"text-align:center;\"><tbody><tr><th style=\"text-align:center;width:27.027%;\"><span style=\"font-weight:700;font-size:24px;color:rgb(34, 44, 135);\">CARACTERIS<\/span><span style=\"font-weight:700;font-size:24px;color:rgb(34, 44, 135);\">TIC<\/span><span style=\"font-weight:700;font-size:24px;color:rgb(34, 44, 135);\">AS<\/span><span style=\"font-weight:700;\"><br><\/span><\/th><th style=\"width:37.7759%;\"><div style=\"text-align:center;\"><span style=\"font-size:30px;font-weight:700;color:rgb(22, 29, 90);\">WOPEN STORE EST\u00c1NDAR<\/span><\/div><div style=\"text-align:center;\"><span style=\"color:rgb(22, 29, 90);\">Tienda f\u00e1cil de implementar y lista para vender en menos de una hora<\/span><\/div><\/th><th style=\"text-align:center;width:34.0259%;\"><span style=\"color:rgb(122, 61, 182);\"><span style=\"font-size:30px;font-weight:700;\">WOPEN STORE PLUS<br><\/span>Funcionalidades profesionales para crecer y administrar tu negocio<\/span><br><\/th><\/tr><tr style=\"height:51.5px;\"><td style=\"width:27.027%;\"><font style=\"vertical-align:inherit;\"><span style=\"font-size:20px;font-weight:600;\"><font style=\"vertical-align:inherit;\">&hairsp;Producto<\/font><\/span><\/font><\/td><td style=\"text-align:center;width:37.7759%;\"><font style=\"vertical-align:inherit;\"><span style=\"font-size:20px;\"><font style=\"vertical-align:inherit;\">&hairsp;Hasta 20 productos<\/font><\/span><\/font><\/td><td style=\"text-align:center;width:34.0259%;\"><font style=\"vertical-align:inherit;\"><span style=\"font-size:20px;font-weight:600;\">&hairsp;<span style=\"font-weight:400;\"><font style=\"vertical-align:inherit;\">Ilimitados<\/font><\/span><\/span><\/font><\/td><\/tr><tr><td style=\"width:27.027%;\"><font style=\"vertical-align:inherit;\"><span style=\"font-size:20px;font-weight:600;\"><font style=\"vertical-align:inherit;\">&hairsp;Im\u00e1genes por producto<\/font><\/span><\/font><\/td><td style=\"text-align:center;width:37.7759%;\"><font style=\"vertical-align:inherit;\"><span style=\"font-size:20px;\"><font style=\"vertical-align:inherit;\">&hairsp;3<\/font><\/span><\/font><\/td><td style=\"text-align:center;width:34.0259%;\"><font style=\"vertical-align:inherit;\"><span style=\"font-size:20px;\"><font style=\"vertical-align:inherit;\">7<\/font><\/span><\/font><\/td><\/tr><tr><td style=\"width:27.027%;\"><span style=\"font-size:20px;font-weight:600;\"><font style=\"vertical-align:inherit;\">&hairsp;Categor\u00edas<\/font><\/span><\/td><td style=\"text-align:center;width:37.7759%;\">&hairsp;SI<\/td><td style=\"text-align:center;width:34.0259%;\">&hairsp;SI<\/td><\/tr><tr><td style=\"width:27.027%;\"><font style=\"vertical-align:inherit;\"><span style=\"font-size:20px;font-weight:600;\"><font style=\"vertical-align:inherit;\">&hairsp;Valoraci\u00f3n de productos<\/font><\/span><\/font><\/td><td style=\"text-align:center;width:37.7759%;\">SI&hairsp;<\/td><td style=\"text-align:center;width:34.0259%;\">&hairsp;SI<\/td><\/tr><tr><td style=\"width:27.027%;\"><font style=\"vertical-align:inherit;\"><span style=\"font-size:20px;font-weight:600;\"><font style=\"vertical-align:inherit;\">&hairsp;Pedidos<\/font><\/span><\/font><\/td><td style=\"text-align:center;width:37.7759%;\">&hairsp;SI<\/td><td style=\"text-align:center;width:34.0259%;\">&hairsp;SI<\/td><\/tr><tr><td style=\"width:27.027%;\"><font style=\"vertical-align:inherit;\"><span style=\"font-size:20px;font-weight:600;\"><font style=\"vertical-align:inherit;\">&hairsp;Tarjetas de regalo<\/font><\/span><\/font><\/td><td style=\"text-align:center;width:37.7759%;\">&hairsp;SI<\/td><td style=\"text-align:center;width:34.0259%;\">&hairsp;SI<\/td><\/tr><tr><td style=\"width:27.027%;\"><font style=\"vertical-align:inherit;\"><span style=\"font-size:20px;font-weight:600;\"><font style=\"vertical-align:inherit;\">&hairsp;Clientes<\/font><\/span><\/font><\/td><td style=\"text-align:center;width:37.7759%;\">&hairsp;SI<\/td><td style=\"text-align:center;width:34.0259%;\">&hairsp;SI<\/td><\/tr><tr><td style=\"width:27.027%;\"><font style=\"vertical-align:inherit;\"><span style=\"font-size:20px;font-weight:600;\"><font style=\"vertical-align:inherit;\">&hairsp;Env\u00edos<\/font><\/span><\/font><\/td><td style=\"text-align:center;width:37.7759%;\">&hairsp;NO<\/td><td style=\"text-align:center;width:34.0259%;\"><font style=\"vertical-align:inherit;\"><span style=\"font-size:20px;\"><font style=\"vertical-align:inherit;\">&hairsp;Env\u00edo click integrado con tarifa preferencial y agente de soporte dedicado<\/font><\/span><\/font><\/td><\/tr><tr><td style=\"width:27.027%;\"><font style=\"vertical-align:inherit;\"><span style=\"font-size:20px;font-weight:600;\"><font style=\"vertical-align:inherit;\">&hairsp;Clientes conectados<\/font><\/span><\/font><\/td><td style=\"text-align:center;width:37.7759%;\">&hairsp;SI<\/td><td style=\"text-align:center;width:34.0259%;\">&hairsp;SI<\/td><\/tr><tr><td style=\"width:27.027%;\"><font style=\"vertical-align:inherit;\"><span style=\"font-size:20px;font-weight:600;\"><font style=\"vertical-align:inherit;\">&hairsp;Registro actividad<\/font><\/span><\/font><\/td><td style=\"text-align:center;width:37.7759%;\">&hairsp;NO<\/td><td style=\"text-align:center;width:34.0259%;\">&hairsp;SI<\/td><\/tr><tr><td style=\"width:27.027%;\"><font style=\"vertical-align:inherit;\"><span style=\"font-size:20px;font-weight:600;\"><font style=\"vertical-align:inherit;\">&hairsp;Descuentos<\/font><\/span><\/font><\/td><td style=\"text-align:center;width:37.7759%;\">&hairsp;NO<\/td><td style=\"text-align:center;width:34.0259%;\">&hairsp;SI<\/td><\/tr><tr><td style=\"width:27.027%;\"><font style=\"vertical-align:inherit;\"><span style=\"font-size:20px;font-weight:600;\"><font style=\"vertical-align:inherit;\">&hairsp;Campa\u00f1as<\/font><\/span><\/font><\/td><td style=\"text-align:center;width:37.7759%;\">&hairsp;NO<\/td><td style=\"text-align:center;width:34.0259%;\"><font style=\"vertical-align:inherit;\"><span style=\"font-size:20px;\"><font style=\"vertical-align:inherit;\">&hairsp;Env\u00edo de boletines por correo<\/font><\/span><\/font><\/td><\/tr><tr><td style=\"width:27.027%;\"><font style=\"vertical-align:inherit;\"><span style=\"font-size:20px;font-weight:600;\"><font style=\"vertical-align:inherit;\">&hairsp;Temas<\/font><\/span><\/font><\/td><td style=\"text-align:center;width:37.7759%;\"><font style=\"vertical-align:inherit;\"><span style=\"font-size:20px;font-weight:600;\">&hairsp;<span style=\"font-weight:400;\"><font style=\"vertical-align:inherit;\">Uno por default&nbsp;<\/font><\/span><\/span><\/font><\/td><td style=\"text-align:center;width:34.0259%;\"><font style=\"vertical-align:inherit;\"><span style=\"font-size:20px;\"><font style=\"vertical-align:inherit;\">&hairsp;A elegir<\/font><\/span><\/font><\/td><\/tr><tr><td style=\"width:27.027%;\"><font style=\"vertical-align:inherit;\"><span style=\"font-size:20px;font-weight:600;\"><font style=\"vertical-align:inherit;\">&hairsp;Pagos<\/font><\/span><\/font><\/td><td style=\"text-align:center;width:37.7759%;\"><font style=\"vertical-align:inherit;\"><span style=\"font-size:20px;font-weight:600;\">&hairsp;<span style=\"font-weight:400;\"><font style=\"vertical-align:inherit;\">Mercado pago y PayPal<\/font><\/span><\/span><\/font><\/td><td style=\"text-align:center;width:34.0259%;\"><font style=\"vertical-align:inherit;\"><span style=\"font-size:20px;\"><font style=\"vertical-align:inherit;\">&hairsp;Mercado pago y PayPal<\/font><\/span><\/font><\/td><\/tr><tr><td style=\"width:27.027%;\"><font style=\"vertical-align:inherit;\"><span style=\"font-size:20px;font-weight:600;\"><font style=\"vertical-align:inherit;\">&hairsp;Dominio<\/font><\/span><\/font><\/td><td style=\"text-align:center;width:37.7759%;\"><font style=\"vertical-align:inherit;\"><span style=\"font-size:20px;\"><font style=\"vertical-align:inherit;\">&hairsp;Subdominio<\/font><\/span><\/font><\/td><td style=\"text-align:center;width:34.0259%;\"><font style=\"vertical-align:inherit;\"><span style=\"font-size:20px;\"><font style=\"vertical-align:inherit;\">&hairsp;Agrega tu propio dominio<\/font><\/span><\/font><\/td><\/tr><tr><td style=\"width:27.027%;\"><font style=\"vertical-align:inherit;\"><span style=\"font-size:20px;font-weight:600;\"><font style=\"vertical-align:inherit;\">&hairsp;Soporte<\/font><\/span><\/font><\/td><td style=\"text-align:center;width:37.7759%;\"><font style=\"vertical-align:inherit;\"><span style=\"font-size:20px;\"><font style=\"vertical-align:inherit;\">&hairsp;Soporte integrado en la plataforma<\/font><\/span><\/font><\/td><td style=\"text-align:center;width:34.0259%;\"><font style=\"vertical-align:inherit;\"><span style=\"font-size:20px;\"><font style=\"vertical-align:inherit;\">&hairsp;Soporte integrado en la plataforma<\/font><\/span><\/font><\/td><\/tr><tr><td style=\"width:27.027%;\" class=\"zp-selected-cell\"><span style=\"font-size:24px;font-weight:700;color:rgb(34, 44, 135);\">PRECIO ANUAL<br><\/span><\/td><td style=\"width:37.7759%;\"><div style=\"text-align:center;\"><span style=\"font-size:30px;font-weight:700;color:rgb(22, 29, 90);\">GRATIS*<\/span><br><\/div><\/td><td style=\"text-align:center;width:34.0259%;\"><span style=\"font-size:30px;font-weight:700;color:rgb(118, 34, 135);\">PRECIO $4490.00*<\/span><\/td><\/tr><\/tbody><\/table>\t\t\t\t<\/div>\n\t\t\t\t<\/div>\n\t\t\t\t\t<\/div>\n\t\t<\/div>\n\t\t\t\t\t<\/div>\n\t\t<\/section>\n\t\t\t\t<\/div>\n\t\t","protected":false},"excerpt":{"rendered":"<p>Desde $4,490.00 Anual CONTPAQi\u00ae WOPEN STORE Aumenta las ventas de tu negocio al m\u00e1ximo a trav\u00e9s de esta plataforma intuitiva conectada a CONTPAQi\u00ae, la cual permite a tu empresa establecerse en el \u00e1mbito del comercio digital mediante la creaci\u00f3n de un carrito de compras personalizable donde tu cliente tendr\u00e1 la opci\u00f3n de agregar todos los [&hellip;]<\/p>\n","protected":false},"author":1,"featured_media":0,"parent":2423,"menu_order":0,"comment_status":"closed","ping_status":"closed","template":"elementor_header_footer","meta":{"footnotes":"","_links_to":"","_links_to_target":""},"class_list":["post-5116","page","type-page","status-publish","hentry"],"_links":{"self":[{"href":"https:\/\/vde-suite.com\/colombia\/wp-json\/wp\/v2\/pages\/5116","targetHints":{"allow":["GET"]}}],"collection":[{"href":"https:\/\/vde-suite.com\/colombia\/wp-json\/wp\/v2\/pages"}],"about":[{"href":"https:\/\/vde-suite.com\/colombia\/wp-json\/wp\/v2\/types\/page"}],"author":[{"embeddable":true,"href":"https:\/\/vde-suite.com\/colombia\/wp-json\/wp\/v2\/users\/1"}],"replies":[{"embeddable":true,"href":"https:\/\/vde-suite.com\/colombia\/wp-json\/wp\/v2\/comments?post=5116"}],"version-history":[{"count":4,"href":"https:\/\/vde-suite.com\/colombia\/wp-json\/wp\/v2\/pages\/5116\/revisions"}],"predecessor-version":[{"id":5122,"href":"https:\/\/vde-suite.com\/colombia\/wp-json\/wp\/v2\/pages\/5116\/revisions\/5122"}],"up":[{"embeddable":true,"href":"https:\/\/vde-suite.com\/colombia\/wp-json\/wp\/v2\/pages\/2423"}],"wp:attachment":[{"href":"https:\/\/vde-suite.com\/colombia\/wp-json\/wp\/v2\/media?parent=5116"}],"curies":[{"name":"wp","href":"https:\/\/api.w.org\/{rel}","templated":true}]}}